 Let l be d(1). Let o be ((-4)/6)/((-1)/l). Let r = 2 + o. What is the units digit of r?
8
Let m = 295 - 101. What is the hundreds digit of m?
1
Let c = 65 - -26. What is the units digit of c?
1
Let m be 8*(-3)/2*-1. Suppose 4*h - 1 = 3*v + 11, 0 = 4*v + 4*h - m. Let f = v - -7. What is the units digit of f?
7
What is the hundreds digit of -62*3*10/(-15)?
1
Let i be -2 - (-3 - -5 - 7). Suppose 0 = -i*h + 12 + 3. What is the units digit of h?
5
Let t(v) = 2*v**2 - 3*v + 1. Let m be 16/6*(-18)/8. Let r = m - -9. What is the units digit of t(r)?
0
Let s(a) = -a + 8. Suppose -2*t + 11 = -13. Let c be s(t). Let y(j) = -j**3 - 3*j**2 + 2*j + 5. What is the units digit of y(c)?
3
Suppose 5 = 3*y - 1. What is the units digit of 1/(-3)*(-1 - y)?
1
Suppose 89 + 3 = 5*u - 2*r, -5*u + 96 = -r. What is the tens digit of u?
2
Suppose -2 = 4*g - 10. Suppose s - 4*c = -2, 0 = -g*s - 5*c + 2 + 7. Suppose -s*y = -6*i + 3*i + 11, 3*y - 2*i + 4 = 0. What is the units digit of y?
2
Let g(r) = -3*r - 9. Let v be g(-8). Suppose 4*h = -v + 79. What is the tens digit of h?
1
Suppose t - 6*t = -165. What is the tens digit of t?
3
What is the units digit of (-4)/(-4 + 0) - -13?
4
Let g(u) = u**3 + 6*u**2 + 5*u - 7. Let f be ((-10)/4)/((-2)/(-4)). Let v be g(f). Let k = -3 - v. What is the units digit of k?
4
Suppose -5*q - 375 = -5*l, -4*l + q - 108 = -399. What is the tens digit of l?
7
Let r(c) = 5*c**2 + 7. What is the units digit of r(4)?
7
Let y = 194 + -130. What is the units digit of y?
4
Let g be (-2)/((-6)/(-4) + -1). What is the units digit of ((-1)/(-2))/(g/(-24))?
3
Let t(h) = -h**2 - 15*h - 13. Let a be t(-10). Suppose -4*w - l + a = -14, 0 = 2*l - 6. What is the units digit of w?
2
Suppose 6*z = 2*z + 16. Suppose -z*r + 28 = -24. What is the tens digit of r?
1
Let r(z) = z**3 - 8*z**2 + 7*z + 10. Let w be r(7). Let f = w + -7. Suppose -n + 13 = 2*i + 2*n, f*i + 3*n = 24. What is the tens digit of i?
1
Let w = 6 - -3. Let p = w - -5. What is the units digit of p?
4
Suppose 0 = 2*y + d - 389, -32 = 5*d - 7. What is the tens digit of y?
9
Let j = -10 + 22. Suppose 0 = -3*u + 21 - j. What is the units digit of u?
3
Suppose -5*a + 37 = -63. What is the tens digit of (-8)/a + (-524)/(-10)?
5
Let g be (-31)/(-5) - 3/15. Let w be (-1 + 1)*3/g. What is the units digit of 6 - (0 + w - -1)?
5
Let i be 1 + 4 + -2 - -2. Suppose -2*g - 57 = -i*g. What is the tens digit of g?
1
Let f(p) = -p**3 - 1. Let d(y) = 4*y**3 + y**2 - y + 4. Let o(u) = d(u) + 3*f(u). What is the units digit of o(0)?
1
Let z = -39 - -104. What is the units digit of z?
5
Let k(q) be the first derivative of 1/2*q**2 + 1 + 0*q + 3*q**3. What is the units digit of k(-1)?
8
Let r = 124 - 81. Suppose -5*d = -4*o - 18, -r = 5*o - d + 5*d. Let s = o + 22. What is the tens digit of s?
1
Let w be -1*1/((-1)/5). Suppose 2*t = 5*u - u - 68, 0 = -3*u + w*t + 51. What is the units digit of u?
7
Let j = 20 - -29. What is the units digit of j?
9
Suppose -6 = 2*u + 6. Let l(k) = -2*k + 14. What is the units digit of l(u)?
6
Let d(t) = 3*t - 6. Suppose -2*x = 3*x - 15. What is the units digit of d(x)?
3
Let k be (-12)/(-10) - (-6)/(-30). Suppose 4*r + 27 = -k. What is the units digit of (-6)/r*(-28)/(-2)?
2
What is the units digit of (-4302)/(-63) - 2/7?
8
Suppose -3*y + 601 = 46. What is the tens digit of y?
8
Let o be (2 + (14 - 1))*1. Let c = o - -1. What is the units digit of c?
6
Let w(b) = b**2 - 8*b - 13. Let x be w(10). Suppose x - 1 = f. What is the units digit of f?
6
Let u(a) = 8*a**2 + 10*a + 2. Let p be u(-4). Suppose p = -23*y + 26*y. What is the tens digit of y?
3
Suppose 3*v + 10 = 67. What is the tens digit of v?
1
Let l be (-1)/2 + 695/(-10). Let v = -37 - l. Let u = 50 - v. What is the tens digit of u?
1
Let c(u) = -u**2 + u + 9. Let r be c(10). Let t = -57 - r. What is the units digit of t?
4
Let z(p) = -p**3 + 3*p + 2. Let r be z(-2). Suppose 0 = -r*h + 2 + 18, -3*n + 4*h - 50 = 0. What is the units digit of (-4 - n) + (-3 - -1)?
4
Suppose 0 = -5*k + 11 + 4. Suppose k*u - 35 = -5*z, 13 = 5*u - 4*z + z. Suppose -2*d + 10 = -2*n, u*n = -5*d + n - 11. What is the units digit of d?
1
Let u(d) be the first derivative of d**4/4 - 5*d**3/3 - 4*d + 2. Let n be u(5). What is the units digit of (-8)/2*2/n?
2
Let r = -8 - -20. What is the units digit of (9/r)/(2/72)?
7
Suppose -f + 1 = -4. Suppose -6 = 3*t + f*z, -t + 5*z - 6 = 2*t. Let i = t + 5. What is the units digit of i?
3
Suppose v = -4*s + 49, -s + 2*v = -3*s + 26. Let n(q) = q + 4. Let h be n(-7). Let a = h + s. What is the units digit of a?
9
What is the units digit of (-669)/(-39) - (-4)/(-26)?
7
Let o = -10 - -24. What is the tens digit of o?
1
Suppose 0*h = h. Suppose h = -4*k + 19 + 33. What is the tens digit of k?
1
Let k(l) = l**3 - 6*l**2 - l - 4. Let g be k(6). Let q = 10 + g. What is the units digit of (-26)/(-2) + 0 - q?
3
Let u = 14 - 3. What is the tens digit of u?
1
Let j = -4 + 2. Let t be 10/(4/(j/(-1))). What is the units digit of -2 + 1 - t*-2?
9
Let m be (-1)/(-1)*2 + 6. Let w = -18 + 26. Let n = m + w. What is the units digit of n?
6
Let w(g) be the first derivative of -g**4/4 + 8*g**3/3 + g**2 - g + 1. What is the tens digit of w(8)?
1
Let k be 0/(-2*1 + 0). Let p = 2 + k. Let s = 0 + p. What is the units digit of s?
2
Suppose -636 + 204 = -4*l. Suppose -5*c + l = -2*c. Suppose 4*b - b - 4*w = c, -3*w = -2*b + 24. What is the units digit of b?
2
What is the units digit of ((-3)/(-9))/(1/57)?
9
Let q(y) = y - 86. Let k be q(0). What is the units digit of k/(-10) - (-4)/10?
9
Let d be (-2)/9 - 129/27. Let a = 31 - d. What is the tens digit of a?
3
Suppose -2*u + 5*u - 3*w = 273, 0 = -2*u - w + 194. What is the units digit of u?
5
Let r = 24 - 15. What is the units digit of r?
9
Suppose -66 = -5*h + 9. Suppose 0*a - 3*a = -h. What is the units digit of a?
5
Suppose -y + 20 = 4*y. Suppose -10 = -2*r + 2*h, y*h = -5*r - 0 - 11. Suppose -p + 3 = r, f - 2*p + 2 = 0. What is the units digit of f?
2
Let t(s) = 2*s**3 - 2*s**2 - 10*s + 11. What is the tens digit of t(5)?
6
Let b = -23 - -56. What is the tens digit of b?
3
What is the tens digit of 345/9 + (-4)/(-6)?
3
What is the tens digit of 163/7 - (-2)/(-7)?
2
What is the units digit of 1 - (35/10 - 3)*-74?
8
Suppose -4*w - 17 = -69. Suppose 6 = -u + 5*v, 5*u - 2*v - 72 = w. What is the units digit of u?
9
Suppose t = c + c - 4, -6 = -3*c. Suppose t = -s - 2, -5*n = 4*s + s. Suppose 15 = n*h - 5. What is the tens digit of h?
1
Suppose 3*a + 2 = -b + a, -3*a - 3 = -4*b. Suppose y + 0*y + 1 = b. What is the units digit of 1*(2 + -2 - y)?
1
Let n(v) = v**2 - 11*v + 15. What is the units digit of n(11)?
5
Let h be (-1 - 0) + (-12)/(-4). Suppose h*z - 14 - 30 = 0. Suppose 3*u + 4*f = 22, 4*f + 26 + z = 4*u. What is the units digit of u?
0
Suppose 30 - 6 = -2*b. What is the units digit of (-28)/6*b/8?
7
Suppose -2 = 3*m - p - 10, 3*m - 2*p = 13. Let v = -17 + 28. Suppose v = 4*k - m. What is the units digit of k?
3
Suppose 2*c + 6 = -5*r, 6 = 4*r + 3*c + 15. Suppose 8*w - 3*w - 10 = r. What is the units digit of w?
2
Suppose -3*k + k = -4. Suppose -5*z = -5*s, -2 = 2*z + k*s - 3*s. What is the tens digit of 74/4 + z/(-4)?
1
Suppose -4*k + k = -12. Suppose 29 = -3*i + b + k, -3*b - 29 = 4*i. Let m = i - -12. What is the units digit of m?
4
Let w be 1/(-2) - (-36)/8. Suppose 3*q + 2 = w*q. Suppose q*f = 3 + 3. What is the units digit of f?
3
Suppose -2*p + 7*p = 25. Suppose -p*h - 5*s + 55 = 0, 0*s + 9 = 4*h - 3*s. What is the units digit of h?
6
Suppose 0 = -5*p - 0*p + 20. What is the units digit of (2 - (-33 - 4)) + p?
3
Suppose 0 = -b + 2*b - 1. Let t be -3 + (-2)/b*1. Let l = t - -9. What is the units digit of l?
4
Let u(l) = -l**2 - l - 1. Let z be u(-1). Let s be (1 - 2 - 1)*z. What is the units digit of 1/(-2)*-2*s?
2
Let j(i) be the second derivative of -1/2*i**3 + 1/12*i**4 + i + 0 - 3/2*i**2. What is the units digit of j(-2)?
7
Let z = 139 - 73. What is the units digit of z/5 - (-4)/(-20)?
3
Suppose 6 = -5*v + 1. Let r be v/(-2) - 5/(-2). Suppose -2*z = -3*z + r. What is the units digit of z?
3
Suppose -s = w - 40, 2*s + 136 = 4*w - 2*s. Let x = w + -24. What is the units digit of x?
3
Let m(t) be the first derivative of -1 + 5*t - 3/2*t**2. What is the units digit of m(-4)